- (1 + 1))*-15. Calculate the remainder when 5/m + 636/9 is divided by 15.
11
Let i = 24 - 20. Suppose -r = i*r - 120. Calculate the remainder when 141 is divided by r.
21
Let x = -360 - -431. Calculate the remainder when x is divided by 25.
21
Let o(r) = 21*r**2 + 7*r - 7. What is the remainder when o(1) is divided by 20?
1
Let s(a) = -8*a - 36. What is the remainder when 239 is divided by s(-6)?
11
Let l be (-7 - -4) + -7 + 2. Let z = 0 - -3. What is the remainder when l/(-20) - -106*(-1)/(-10) is divided by z?
2
Calculate the remainder when 3264*12/162 - 6/(-27) is divided by 41.
37
Let w(u) = -7*u - 1. Suppose 7*g = -151 + 2041. Suppose -5*v + g = 5*o, -2*o + 3*o + 3 = 0. Calculate the remainder when v is divided by w(-3).
17
Let z = -367 + 379. What is the remainder when 47 is divided by z?
11
Let j(h) = 72*h**2 - 2*h + 1. Let i(w) = w**3 - 11*w**2 + 2*w - 21. Let l be i(11). Calculate the remainder when j(l) is divided by 39.
32
Let q = -73 + 80. Let r(k) = k**2 - 5*k + 6. Let p be r(4). Suppose f - p*m - 20 = 0, f + 3*m + 12 = 32. Calculate the remainder when f is divided by q.
6
Let n = 30 - 22. Let y be (2/3)/(n/36). Suppose 0*x = 3*x - 3, -204 = -3*f + y*x. Calculate the remainder when f is divided by 18.
15
Suppose -3*i - 4*r = -1754, 5*i - 36*r = -33*r + 2875. What is the remainder when i is divided by 188?
14
Let l be (-3428)/(-14) - (-2)/14. Suppose w = -2*w - h + l, -5*h = 20. Calculate the remainder when w is divided by 21.
20
Let w = 155 - 135. Calculate the remainder when 71 is divided by w.
11
Let k = 0 + -7. Let x = -14 - -22. Let d = x - k. Calculate the remainder when 58 is divided by d.
13
Let v(b) = 66*b**3 - b**2 + b + 1. Let o be v(1). Let n = -29 + o. Let w = 93 - -18. Calculate the remainder when w is divided by n.
35
Suppose 2*r + 3*t = 113, 3*r = -4*t + 186 - 19. What is the remainder when r is divided by 8?
1
Suppose c = 5*j - 184, j + 4*c - 28 = 2*c. Calculate the remainder when 107 is divided by j.
35
Let a = 12 + -9. Suppose a*j = 2*j + 22. Calculate the remainder when 129 is divided by j.
19
Suppose -5*m = 2*u, 2*u + 4 = -2*m - 2. Let c = 46 + -25. What is the remainder when c is divided by 7/m*(-48)/(-14)?
9
Let h(u) = -18*u + 9*u - 14 - 11*u - u**2. Calculate the remainder when 11 is divided by h(-19).
1
Suppose -5*y + 1286 = 5*k - 4*y, k = 4*y + 253. Calculate the remainder when k is divided by 23.
4
Suppose 5*y + z - 25 - 36 = 0, 4*y + z - 48 = 0. Let j(f) = f**3 - 14*f**2 + 12*f + 17. Calculate the remainder when j(y) is divided by 2 + (1 - (1 - 1)).
1
Suppose 4 = -2*h, -2*h + 6 = -0*j - 5*j. Let l be (-92)/20 + j/5. Let a(r) = r**2 - r - 1. What is the remainder when a(l) is divided by 16?
13
Let f(w) = 13*w**2 + w**3 - 2*w**3 + 0*w**3 - 10 - 14*w + 0*w**2. Calculate the remainder when f(9) is divided by 48.
44
Let w(f) = 20*f - 10. Calculate the remainder when w(3) is divided by (34/3)/((-8)/(-12)).
16
Let q(r) = 24*r**2 - 3*r + 3. Let z be q(2). Suppose 8*d + 19 + z = 0. Let i = d - -25. What is the remainder when 29 is divided by i?
7
Calculate the remainder when 106 is divided by 475/20 - 10/(-40).
10
What is the remainder when (5180/(-840))/(1/(-30)) is divided by 31?
30
Suppose -3*u = -3*y + y - 38, u - 3*y = 15. Calculate the remainder when 29 is divided by u.
5
Suppose -4 = -2*r + r. Suppose s + 6 = r*t - 2*s, -2*t + 3*s = 0. Calculate the remainder when 65 is divided by (124/(-12) + t)*-3.
21
Suppose -24*t - 4*l + 389 = -21*t, 0 = 5*l - 25. Suppose 0*q - 155 = -5*q. What is the remainder when t is divided by q?
30
Let j be (-66)/55*20/(-6). Suppose 0 = 2*i + 5*f - 21, -j*i - 35 = -4*f - 7. Calculate the remainder when 2016/30 + i/10 is divided by 17.
16
Let g be 2505/(-75) - 4/(-10). Calculate the remainder when (92/6)/((-22)/g) is divided by 13.
10
Let z(j) = -2*j + 5. Let p be z(-7). Suppose 15*y = p*y - 24. Suppose y*l - 12 = 4*l. What is the remainder when 28 is divided by l?
4
Calculate the remainder when 142 is divided by (87 + -30)*2/6*2.
28
Let p(y) = -y**3 + 3*y**2 - 2*y. Let j be p(2). Suppose j = l - 2*l + 15. Calculate the remainder when 88 is divided by l.
13
Let b = -429 + 434. What is the remainder when 15 is divided by b?
0
Let o be -14 + -1 + (-3)/3. Let d = o - -50. What is the remainder when d is divided by 9?
7
Let w be -2 - -10 - (3 - -1). Suppose w*i = 97 - 9. Let r(l) = l**2 + 2*l - 2. Calculate the remainder when i is divided by r(-4).
4
Let q(m) = -m**3 - 9*m**2 - 20*m + 7. What is the remainder when 102 is divided by q(-6)?
7
Suppose 0 = -4*l - 12, 0 = 10*u - 7*u + 5*l - 198. Calculate the remainder when 223 is divided by u.
10
Let d(f) = 36*f**2 + 36*f + 36. What is the remainder when d(-1) is divided by 20?
16
Calculate the remainder when 459/(-34)*2*-3 is divided by 41.
40
Let r be (28/6)/(4/30). Let t = -104 + 113. Let s = r - t. What is the remainder when s is divided by 7?
5
Let d(p) = -27*p - 537. What is the remainder when 1199 is divided by d(-21)?
29
Suppose 63 = 2*g - f + 2*f, 0 = -g - 4*f + 28. Suppose n + 0 = -4*x + g, x + n - 11 = 0. Let w = 10 - x. What is the remainder when w is divided by 2?
1
Let f(l) = 2*l**2 - l - 1. Let t be f(-1). Suppose -t*j = 42 - 14. Calculate the remainder when 50 is divided by 537/21 + (-6)/j.
24
Suppose -8*z - 24*z + 768 = 0. What is the remainder when 56 is divided by z?
8
Suppose -11*v + 153 = -34. Calculate the remainder when 58 is divided by v.
7
Let f = -26 - -47. Calculate the remainder when f is divided by 6/69 + (-1004)/(-92).
10
Let d = 2 - -6. Let o be -4 + 0/2 - 10. What is the remainder when (-1)/(21/(-645)) + (-4)/o is divided by d?
7
Suppose -2*o - 4*s + 62 = -168, 0 = -o - s + 113. Calculate the remainder when o is divided by 39.
33
Let b = -2024 - -2044. Calculate the remainder when b is divided by 17.
3
Let l be 7/(-7)*(28 - -1). Calculate the remainder when 83 is divided by -1*(-1)/((-1)/l).
25
Let n(o) = -o**3 - 6*o**2 - 2*o. Let z be n(-6). Suppose 0 = s - 5*s + z. Suppose -5 = -s*c + 16. What is the remainder when 18 is divided by c?
4
Let m = -302 - -352. What is the remainder when 196 is divided by m?
46
Suppose 45 - 39 = 2*v. Let w = 22 + -9. What is the remainder when w is divided by v?
1
Suppose -2*o + 14 = f - 26, 2*o = -3*f + 44. Suppose 22*w - 1266 = 21*w. Suppose 20*q = w + 214. Calculate the remainder when q is divided by o.
17
Suppose 29 + 275 = 38*q. What is the remainder when 404 is divided by q?
4
Let w(g) = -g**3 + 3*g**2 + 19*g - 6. Let d be w(6). Suppose -2*x + 5*c + 6 = d, 10 - 1 = 3*x - 3*c. What is the remainder when 11 is divided by x?
2
Suppose -t - 4*z + 3 = -3*z, 5*t + 2*z - 27 = 0. Suppose -16 - 54 = -5*d. Suppose d*i - 40 = 12*i. Calculate the remainder when i is divided by t.
6
Let t(b) = b**3 - 10*b**2 + b - 3. Suppose -5*z = -3*m - 3*z + 24, 5*m + 2*z - 56 = 0. What is the remainder when 16/(-3)*90/(-12) is divided by t(m)?
5
Suppose -4715 = -5*z - 3*g, 3024 = 3*z - 2*g + 214. Calculate the remainder when z is divided by 23.
20
Let x be 2*2 - (1 + 1). What is the remainder when (-188)/(-4) + 6/x is divided by 26?
24
Let b be (1 - 1) + 1 + 30. Let a = b - 16. What is the remainder when 67 is divided by (1 + -2)*(-8 - a)?
21
Let h = -837 + 903. Calculate the remainder when h is divided by 28.
10
Let k(h) = -h**2 + 24*h. Let i be k(24). Suppose -10*m + 3*m + 567 = i. Calculate the remainder when m is divided by 42.
39
Let l(h) be the third derivative of -77*h**6/120 - h**5/60 + h**3/6 + 3*h**2. What is the remainder when l(-1) is divided by 20?
17
Let v = -1298 - -1457. Calculate the remainder when v is divided by 20.
19
Let q(u) = 3*u**3 + 4*u + 4. Suppose l - 2*x - 5 = 0, 22 = -2*l - 8*x + 4*x. Let n be q(l). Let h = -35 - n. Calculate the remainder when h is divided by 14.
12
Let y(q) be the first derivative of -q**3/3 + 13*q**2 + 63*q - 44. What is the remainder when y(27) is divided by 10?
6
Suppose 33*i - 35*i = 72. Let j = -19 - i. What is the remainder when 27 is divided by j?
10
Let s(l) = l**2 - 27*l + 1. What is the remainder when s(28) is divided by 9?
2
Let w(y) = y**2 - 5*y - 7. Let g be w(7). Suppose -g*i + 100 = -2*i. Let f = 32 - -27. What is the remainder when f is divided by i?
19
Suppose -5*a + 2*t = -432, -17*a + 16*a - 4*t + 82 = 0. What is the remain